25 = 5*h, 4*h - 4*i = 25252. What is the highest common factor of h and 160?
80
Let d = 378 + 22. Let t = d - 328. Calculate the greatest common factor of 27 and t.
9
Suppose 0 = -0*d - d - l + 193, -l = -5*d + 977. Let j = -15 + 19. Suppose -d = -o - j*o. What is the highest common factor of o and 78?
39
Suppose -3*j - 4*t + 64 = 0, 0 = 163*t - 168*t + 20. What is the greatest common divisor of j and 2568?
8
Let i(z) = -z**3 + 15*z**2 + 126*z + 218. Let s be i(-18). What is the greatest common factor of s and 116?
58
Let r = 592932 - 592806. Let n = -5 + 15. Let b be (-92)/(-5) + (-4)/n. What is the highest common factor of b and r?
18
Suppose 136*q + 2706 = 12224 + 10066. Let u(g) = -55*g - 1. Let f be u(-1). What is the greatest common divisor of q and f?
18
Let t(i) = 5*i**2 - 4*i - 7. Let h be t(4). Suppose -2*l = -h - 1. Let r be (1/(-2)*2)/((-1)/l). What is the greatest common divisor of 232 and r?
29
Let b be (-2)/(-7) - (-658)/98. Let u be 21/b + -3 - (0 + -4). Calculate the greatest common factor of 76 and u.
4
Let z(f) = 43*f + 16. Let i be z(2). Calculate the greatest common factor of 66 and i.
6
Suppose 5*d = d. Suppose d = -2*r + 3*r - 119. Let q be (251/(-1506))/(1/(-42)). Calculate the greatest common divisor of r and q.
7
Let c = 9611 + -4387. Calculate the highest common factor of c and 8.
8
Suppose 4*s - 2*p = 4617 - 1561, 0 = -s + 5*p + 764. Calculate the highest common factor of 24 and s.
4
Suppose -6*a + 53 + 7 = 0. Suppose 556 + 484 = 4*o. What is the greatest common factor of a and o?
10
Let v = 151 + -31. Suppose -v = 26*r - 926. Calculate the greatest common factor of 217 and r.
31
Let l(n) = -n**3 + 42*n**2 - 44*n + 108. Let o be l(41). Let q(h) = -6*h - 80. Let t be q(o). What is the greatest common factor of t and 15?
5
Suppose 0 = -40*s - 224 + 704. What is the highest common divisor of s and 1026?
6
Let d = 243 - 71. Let j = -166 + d. Suppose -3*o - 2*r + 37 = 0, -2*o + 3*r + 30 = 3*o. What is the greatest common factor of o and j?
3
Suppose -w + 2*p = w - 20, -5*p = 25. Suppose -170 = -5*g - w*r, 16*g - 21*g + 162 = 3*r. What is the highest common factor of 45 and g?
15
Let j = -84 + 119. Let r = -25355 - -25385. Calculate the greatest common factor of r and j.
5
Let f = 1222 + -1227. Suppose -2*t + 14 = 5*g, g = 4*t - g - 4. Let n be (t - 3)*(f - -4). Calculate the highest common factor of 8 and n.
1
Let w = 30330 + -30314. Let t = -19 + 35. Calculate the highest common factor of w and t.
16
Suppose -21069*p - 31104 = -21087*p. Calculate the highest common divisor of p and 1188.
108
Let h = 234 - 174. Suppose 0 = 3*s - 4*o - 85, 0*s + 2*o = 2*s - h. What is the greatest common factor of s and 385?
35
Suppose 3*o - 25 = 2*j - 7*j, 4*j - 12 = -4*o. Suppose -3*d + 1 = -4*z - 12, -d + 5*z = -j. What is the greatest common divisor of 48 and d?
3
Let f = -51 + 52. Let x be (-10)/f*(-11)/22. Suppose 169 + 111 = x*h. What is the greatest common divisor of 7 and h?
7
Suppose 0 = -m + 3*k + 42, -4*m + 2*k + 145 = m. Let z = 5589 - 5580. What is the greatest common factor of z and m?
9
Let u = 530 + -530. Suppose -2*i - 4*t + 1160 = u, -3*t - 2*t = -5*i + 2900. What is the highest common factor of i and 20?
20
Let d = 11005 + -10969. What is the greatest common divisor of d and 2322?
18
Let l(d) = d**3 + 13*d**2 + 22*d + 4. Let a be l(-11). Calculate the greatest common divisor of 202 and a.
2
Let k(o) = -218*o - 280. Let l be k(-5). What is the highest common divisor of 160 and l?
10
Suppose 129 + 111 = 5*x. Let u(r) = 28*r - 1. Let k be u(5). Suppose -146*b = -k*b - 504. Calculate the greatest common factor of b and x.
24
Suppose -3*v = -2*v - 5. Let r = -90783 - -91103. What is the greatest common divisor of r and v?
5
Let o = -182 - -182. Suppose -4*q - 14*r + 9*r + 227 = 0, 3*q - 3*r - 150 = o. What is the highest common divisor of 106 and q?
53
Let c = -4580 + 5952. What is the greatest common factor of c and 140?
28
Let b(x) be the third derivative of x**5/30 - 13*x**4/24 - 3*x**3/2 + 3*x**2 - 3. Let t be b(11). What is the highest common factor of 30 and t?
30
Let t(x) = -14*x - 2. Let y be t(-4). Suppose -h + 2*u = -y, -5*u - 3 = -13. Let a be (7/(-2))/(-7)*h. What is the highest common factor of a and 261?
29
Let j = 8555 + -8378. Calculate the greatest common factor of j and 7375.
59
Suppose k - 74 = -0*k + 3*q, -905 + 407 = 3*q - 438. Suppose 4*m + 10 - 1 = 3*o, -3*m + 9 = 0. Let c = 21 + o. Calculate the greatest common factor of c and k.
14
Let b be 6/(-15) + 18248/20. Suppose b = 13*a - 10*a. Let t = 15 - -23. Calculate the greatest common divisor of t and a.
38
Let d be 478 + (125/(-50))/(10/(-8)). What is the highest common factor of d and 15?
15
Let c be 35392/(-336)*(-1 - 2). Calculate the highest common factor of c and 8453.
79
Let u = -15 - -34. Let c = -16 + u. Suppose -25*w - 132 = -29*w. What is the greatest common divisor of c and w?
3
Let z(h) = 159*h + 1327. Let g be z(37). What is the highest common divisor of 70 and g?
70
Let o be (5/(-90)*-18)/((-3)/(-483)). What is the highest common factor of o and 49?
7
Suppose -4*q - 4*w + 888 = -w, w - 446 = -2*q. What is the highest common factor of 720 and q?
45
Let s = 6414 + -6194. Calculate the highest common divisor of s and 340.
20
Let l be 0/(1/(-1 - -2)). Suppose l = 3*j - 3*a + 108, a = -5*j - a - 159. Let z = j + 53. Calculate the greatest common divisor of z and 180.
20
Let f be (-53 + -7)*(-36)/45. Let n = 19 - -17. Calculate the greatest common factor of n and f.
12
Let k(b) = 8*b - 158. Let y(l) = 3*l - 52. Let f(i) = -3*k(i) + 10*y(i). Let p be f(10). Calculate the greatest common divisor of 420 and p.
14
Suppose 4*u - 5*c + 6*c = 90, 4*c = 8. Let p be (-33)/(((-3)/224)/((-24)/(-84))). Calculate the greatest common factor of p and u.
22
Let l be (-3813)/(-27) + (-10)/45. Let n be 6/33 - l/(-11). Let f = -12 + n. What is the highest common divisor of f and 1?
1
Suppose -217 = -2*m - 4*h + 217, 2*h = -5*m + 1085. What is the highest common divisor of m and 28?
7
Let k(g) = g**3 - 3*g**2 - 13*g + 9. Suppose 2*d + p - 6*p = -8, p = d - 2. Let w be k(d). Let m = -1 + 14. What is the highest common divisor of w and m?
13
Let u = 341 - -39. Let w = 455 - u. Let b be 273/6 - 1/2. Calculate the highest common divisor of w and b.
15
Let u be (-1 - -17)*(-9)/(-12). Let i(a) = -a**3 + 67*a**2 - 306*a - 196. Let m be i(62). Calculate the highest common factor of u and m.
4
Let m be 1/10 - 3423/(-70)*1. What is the highest common divisor of m and 273?
7
Let s(w) = -357*w + 763. Let m be s(2). What is the highest common divisor of 56 and m?
7
Let w(m) = 16*m**2. Let k be w(3). Let p = -27804 - -27831. What is the highest common factor of k and p?
9
Suppose 6*q + 2*o + 190 = 8*q, 0 = -3*q + 2*o + 285. Suppose q = 10*v - 65. Calculate the highest common factor of v and 16.
16
Suppose 20*r = 568 + 1072. Let h = r + -29. Calculate the highest common factor of h and 742.
53
Let r be -2 + 7975/(-45) + (-8)/(-36). Let o = r + 249. Calculate the highest common divisor of 10 and o.
10
Let t(p) be the second derivative of -1/20*p**5 - 1/12*p**4 + 0 - 28*p + 0*p**3 + 14*p**2. Let y be t(0). Calculate the highest common factor of 21 and y.
7
Let h(o) = o + 5. Let v be h(5). Let d(y) = 24*y + 129. Let s be d(-5). Let x be 5*s - (-145)/(-29). Calculate the highest common divisor of v and x.
10
Let a be 62*(-1 + 12 - 3). What is the greatest common factor of 2294 and a?
62
Suppose 364 = -2*i + 3*a, 0 = -i - 8*a + 6*a - 196. Let w = i + 248. What is the highest common divisor of w and 50?
10
Suppose 0 = -4*q + 40 - 4. Let a(k) = k**3 + 29*k**2 + 50*k - 36. Let b be a(-27). What is the highest common divisor of b and q?
9
Suppose -129 - 191 = -5*n. Suppose 16 - n = -2*q. Let g = 36 - q. What is the greatest common divisor of g and 18?
6
Let x = 8 + -8. Suppose 4*l + 4*q - 92 = x, -3*l + q = l - 77. Suppose 0 = p + p - l. What is the greatest common factor of p and 80?
10
Let c be (-1 - -3) + 4 - -10. Let r = 21 - c. Calculate the highest common divisor of 45 and r.
5
Suppose -12*p - 12 = 0, 46*p = -4*n + 41*p + 323. What is the greatest common divisor of 4961 and n?
41
Suppose -3*i + 971 = l, -4*l - l - 977 = -3*i. Let p = 1210 - 1156. What is the greatest common d